{"id":40,"date":"2014-02-14T18:41:37","date_gmt":"2014-02-14T17:41:37","guid":{"rendered":"http:\/\/www.vitaclubfitness.it\/?page_id=40"},"modified":"2025-10-29T15:36:49","modified_gmt":"2025-10-29T14:36:49","slug":"eventi-vitaclub","status":"publish","type":"page","link":"https:\/\/www.vitaclubfitness.it\/?page_id=40","title":{"rendered":"Appuntamenti sportivi"},"content":{"rendered":"<ul>\n<li style=\"list-style-type: none;\">\n<ul>\n<li><span style=\"background-color: #ffff00;\"><strong>APERIZUMBA 25 ottobre 2025<\/strong><\/span>: Masterclass di Zumba\u00ae in compagnia di Cinzia Stucchi, Rekha Novara, Roberta Zolla ed Helga Mascarucci. Al termine della lezione aperitivo presso la Palestra Acrobatic.<\/li>\n<li><span style=\"background-color: #ffff00;\"><strong>OPEN WEEK 29 settembre-3 ottobre 2025<\/strong><\/span>: <strong>Novit\u00e0 stagione 2025\/26 STRONG NATION + WEIGHTS&#x2122;&#xfe0f;. <\/strong>Nuove release di Zumba\u00ae e Onekor Skulpt; H.I.I.T. STRENGTH e circuiti funzionali. Corsi di Step, Fitboxe, Ginnastica dolce, Pilates e Hatha Yoga.<\/li>\n<li><span style=\"background-color: #ffff00;\"><strong>OPEN WEEK 17-21 febbraio 2025<\/strong><\/span>: <strong>Novit\u00e0 stagione 2024\/25 H.I.I.T. STRENGTH<\/strong>. Nuove release di Zumba\u00ae, Strong&#x2122;, Circl Mobility&#x2122; e Onekor Skulpt; corsi di Step dance, Functional, Pilates e Fitboxe. Corso speciale di Hatha Yoga.<\/li>\n<li><span style=\"background-color: #ffff00;\"><strong>OPEN WEEK 30 settembre-4 ottobre 2024<\/strong><\/span>: <strong>Novit\u00e0 stagione 2024\/25 H.I.I.T. STRENGTH<\/strong>. Nuove release di Zumba\u00ae, Strong&#x2122;, Circl Mobility&#x2122; e Onekor Skulpt; corsi di Pilates e Hatha Yoga.<\/li>\n<li><span style=\"background-color: #ffff00;\"><strong>SAGGIO SPORTIVO 29 maggio 2024<\/strong><\/span>: Esibizione delle allieve di Just Dance Baby, Mini e Junior, Zumba\u00ae&#xfe0f;, Strong&#x2122;&#xfe0f; e Pilates.<\/li>\n<li><span style=\"background-color: #ffff00;\"><strong>GARA ZUMBA FITNESS 11 maggio 2024<\/strong><\/span>: Gara di Zumba\u00ae&#xfe0f; tra Acrobatic Fitness e Palestra Vita Club. Premiazione delle squadre e delle migliori tre atlete.<\/li>\n<li><span style=\"background-color: #ffff00;\"><strong>OPEN DAY 12-13-14 febbraio 2024<\/strong><\/span>: <strong>Novit\u00e0 stagione 2023\/24 Circl Mobility&#x2122;<\/strong>. Nuove release di Zumba\u00ae, Strong&#x2122;, Onekor Skulpt e Pilates; presentazione del modulo 13 di F.G.C.; corsi di Functional Training e Hatha Yoga.<\/li>\n<li><span style=\"color: #000000; background-color: #ffff00;\"><strong>SAGGIO DI NATALE 20 dicembre 2023<\/strong><\/span>: Esibizione delle allieve di Just Dance Baby, Mini e Junior.<\/li>\n<li><span style=\"background-color: #ffff00;\"><strong>OPEN DAY 25-26-27 settembre 2023<\/strong><\/span>: <strong>Novit\u00e0 stagione 2023\/24 Circl Mobility&#x2122;<\/strong>. Nuove release di Zumba\u00ae, Strong&#x2122;, Onekor Skulpt e Pilates; presentazione del modulo 12 di F.G.C.; corsi di Functional Training e Hatha Yoga.<\/li>\n<li><span style=\"color: #000000; background-color: #ffff00;\"><strong>SAGGIO SPORTIVO 25 maggio 2023<\/strong><\/span>: Esibizione delle allieve di Just Dance Baby e Junior, Zumba\u00ae&#xfe0f;, Strong&#x2122;&#xfe0f; e Pilates.<\/li>\n<li><span style=\"background-color: #ffff00;\"><strong>OPEN DAY 13-14-15 febbraio 2023<\/strong><\/span>: Nuove release di Strong&#x2122;, Pilates, Zumba\u00ae e Onekor Skulpt; presentazione del modulo 11 di F.G.C.; corsi di Functional Training e Flow Yoga (<strong>NEW<\/strong>).<\/li>\n<li><strong><span style=\"background-color: #ffff00;\">SAGGIO SPORTIVO JUST DANCE in palestra 22 DICEMBRE 2022<\/span><\/strong><\/li>\n<li><strong><span style=\"background-color: #ffff00;\">OPEN DAY 26-27-28 settembre 2022<\/span><\/strong>: evento inserito nella <em><strong>Settimana Europea dello Sport 23-30 settembre <\/strong><\/em>che attraverso la campagna <strong><em>#BeActive <\/em><\/strong>vuole promuovere la pratica sportiva e corretti stili di vita. Presentazione corsi e\u00a0 novit\u00e0 della stagione 2022\/2023, ingresso gratuito, prenotazione obbligatoria.<\/li>\n<li><span style=\"color: #000000; background-color: #ffff00;\"><strong>GARE MEETING FITNESS<\/strong><span style=\"background-color: #ffffff;\">: la palestra aderisce al protocollo Meeting fitness, competizione sportivo dilettantistica sportiva non agonistica:<strong><span style=\"background-color: #ffff00;\"> luned\u00ec 7- marted\u00ec 8 &#8211; mercoled\u00ec 9 febbraio 2022\u00a0 GARE in palestra\u00a0<\/span><\/strong><\/span><\/span><\/li>\n<li><span style=\"background-color: #ff99cc; color: #000000;\"><strong>SPARTAN RACE 28 MAGGIO 2022 CESENATICO<\/strong><\/span><\/li>\n<li><span style=\"background-color: #ffff00;\"><strong>SAGGIO SPORTIVO JUST DANCE al Don Orione 31 MAGGIO 2022<\/strong><\/span><\/li>\n<\/ul>\n<\/li>\n<\/ul>\n<ul>\n<li style=\"text-align: left;\"><span style=\"color: #000000; background-color: #ffff00;\"><span style=\"background-color: #ffffff;\">\u00a0<strong>GARE MEETING FITNESS<\/strong>: abbiamo partecipato alla COMPETIZIONE ON LINE\u00a0 4-5-6 giugno 2021 e ora siamo in attesa delle nuove date per la stagione sportiva 2021\/22\u00a0<\/span><\/span><\/li>\n<li><span style=\"font-family: Calibri, sans-serif;\"><span style=\"font-size: medium;\"><strong>COMPETIZIONI NAZIONALI ASI CROSS TRAINING CHALLENGE<\/strong><strong>: <\/strong><\/span><\/span><span style=\"font-size: 1rem;\">abbiamo <\/span><span style=\"font-size: 1rem;\">partecipato alla <\/span><span style=\"font-size: 1rem;\">GARA NAZIONALE ON LINE 6 giugno 2021\u00a0<\/span>\n<p class=\"western\">\n<\/li>\n<li><span style=\"background-color: #ffff00;\"><strong>CLASSIFICA CAMPIONATI NAZIONALI ASI MEETING FITNESS<\/strong><\/span><\/li>\n<li>Durante l&#8217;emergenza sanitaria si sono svolti presso il nostro centro allenamenti a porte chiuse degli atleti agonisti, finalizzati alla partecipazione on line ai campionati nazionali ASI Meeting fitness del 3-4-5 giugno 2021. I nostri atleti hanno conseguito ottimi risultati, classificandosi in buone posizioni in tutte le categorie. Le classifiche nelle varie categorie sono consultabili in palestra in bacheca.<\/li>\n<li>Luned\u00ec 12 giugno, ore 19, ci sono state le PREMIAZIONI.<\/li>\n<\/ul>\n<p style=\"text-align: left;\"><span style=\"color: #ff0000;\"><strong><span style=\"font-size: large;\">\u00a0\u00a0<!-- x-tinymce\/html --><!-- x-tinymce\/html --><\/span><\/strong><\/span><\/p>\n<p style=\"text-align: left;\"><strong><span style=\"font-size: large;\">\u00a0\u00a0\u00a0<\/span><\/strong><strong><span style=\"font-size: large;\">\u00a0\u00a0\u00a0\u00a0\u00a0\u00a0\u00a0<\/span><\/strong><\/p>\n","protected":false},"excerpt":{"rendered":"<p>APERIZUMBA 25 ottobre 2025: Masterclass di Zumba\u00ae in compagnia di Cinzia Stucchi, Rekha Novara, Roberta Zolla ed Helga Mascarucci. Al termine della lezione aperitivo presso la Palestra Acrobatic. OPEN WEEK 29 settembre-3 ottobre 2025: Novit\u00e0 stagione 2025\/26 STRONG NATION + WEIGHTS&#x2122;&#xfe0f;. Nuove release di Zumba\u00ae e Onekor Skulpt; H.I.I.T. STRENGTH e circuiti funzionali. Corsi di &hellip; <\/p>\n<p class=\"link-more\"><a href=\"https:\/\/www.vitaclubfitness.it\/?page_id=40\" class=\"more-link\">Leggi tutto<span class=\"screen-reader-text\"> &#8220;Appuntamenti sportivi&#8221;<\/span><\/a><\/p>\n","protected":false},"author":1,"featured_media":0,"parent":0,"menu_order":0,"comment_status":"closed","ping_status":"closed","template":"","meta":{"footnotes":""},"_links":{"self":[{"href":"https:\/\/www.vitaclubfitness.it\/index.php?rest_route=\/wp\/v2\/pages\/40"}],"collection":[{"href":"https:\/\/www.vitaclubfitness.it\/index.php?rest_route=\/wp\/v2\/pages"}],"about":[{"href":"https:\/\/www.vitaclubfitness.it\/index.php?rest_route=\/wp\/v2\/types\/page"}],"author":[{"embeddable":true,"href":"https:\/\/www.vitaclubfitness.it\/index.php?rest_route=\/wp\/v2\/users\/1"}],"replies":[{"embeddable":true,"href":"https:\/\/www.vitaclubfitness.it\/index.php?rest_route=%2Fwp%2Fv2%2Fcomments&post=40"}],"version-history":[{"count":112,"href":"https:\/\/www.vitaclubfitness.it\/index.php?rest_route=\/wp\/v2\/pages\/40\/revisions"}],"predecessor-version":[{"id":3479,"href":"https:\/\/www.vitaclubfitness.it\/index.php?rest_route=\/wp\/v2\/pages\/40\/revisions\/3479"}],"wp:attachment":[{"href":"https:\/\/www.vitaclubfitness.it\/index.php?rest_route=%2Fwp%2Fv2%2Fmedia&parent=40"}],"curies":[{"name":"wp","href":"https:\/\/api.w.org\/{rel}","templated":true}]}}